= -3*a - 2 - 5*a + 1. Give k(x).
7
Let x(g) = g - 9. Let j be x(9). Let n(d) = j*d - 5*d - 5*d**2 - d**3 + d + 5 + 0. Suppose 7*c = 3*c + 3*p - 4, p + 4 = 0. Give n(c).
5
Suppose -13 = -3*p - 1. Suppose 2*k + 14 = p*k. Suppose -3*u + 2 + k = 0. Let w(f) = f + 3. Give w(u).
6
Let p(a) = -2 + 2*a**3 + 0*a**3 + a**2 - 3*a**2. Suppose n - 5*n = -16. Suppose -c + 0*y + n*y + 10 = 0, 2*c + 6 = -5*y. What is p(c)?
6
Let r(q) be the second derivative of 1/6*q**3 + 0 - 3*q + 0*q**2. Determine r(5).
5
Let g(j) = 11*j**3 - 12*j**2 - 24*j + 13. Let s(i) = 7*i**3 - 8*i**2 - 16*i + 9. Let w(o) = -5*g(o) + 8*s(o). What is w(5)?
-8
Let r(m) = -2*m + 54*m**3 - 55*m**3 - 8*m**2 + 2*m**2. Let h = 3 + -9. What is r(h)?
12
Let c(z) = z**2 - z - 2. Suppose 5*j - 6 = 3*j. What is c(j)?
4
Let u be (-4)/3*3/2. Suppose -s = t - 5*s + 4, 3*s - 1 = t. Let x(p) = -3*p - 8 + t. Give x(u).
6
Let i(t) = t**2 - 1. Suppose 4*y + 18 = 2*o, -6*y + y - 3 = 4*o. What is i(y)?
8
Let m(u) be the second derivative of 0 - 1/12*u**4 - 1/2*u**2 - 2/3*u**3 - 2*u. What is m(-3)?
2
Let x be -3*(-3 - 20/(-12)). Suppose -2*d = 3*o, -o - 17 = -x*d - d. Let y(f) = -4 - 2*f + 5*f + f. Calculate y(d).
8
Let c(l) = -2*l. Let o(h) = h**2 - 17*h + 19. Let d be o(16). What is c(d)?
-6
Let l(a) = 4*a**3 + 14*a**2 - 8*a - 25. Let f(s) = s**3 + 5*s**2 - 3*s - 8. Let z(r) = 7*f(r) - 2*l(r). Give z(6).
0
Let b(t) = t**2 + 1. Let m(x) = -2*x**2 - 2*x. Let f(c) = c**2 - 5*c + 1. Let k be f(5). Let d(r) = k*b(r) + m(r). What is d(2)?
-7
Let w(o) = -2*o - 2. Let t(z) = 5*z + 5. Suppose -2*i = 1 - 7. Let j(r) = i*t(r) + 7*w(r). Give j(1).
2
Let y(l) = -3*l**3 + 2*l**2 - 1 - l**2 + 4*l**3. Suppose 5*d + 12 = 2*h + 2, 4*h + 3*d = -6. Calculate y(h).
-1
Let d be 1*1/(1/(-4)). Let z = d + 4. Suppose -q + 4 + 0 = z. Let w(n) = -n**2 + 5*n. Calculate w(q).
4
Let d(k) = -k**2 + 2*k - 1. Let h(p) = -p - 1. Let o(x) = -d(x) + 2*h(x). Suppose -6 = -3*s - 2*n, -5*n - 18 = -3*s + 9. What is o(s)?
-1
Let w(m) = m**2 + m - 1. Let a(c) = -2*c**3 + c**3 - 6*c + 8*c + c + 7*c**2. Let b(p) = a(p) - 4*w(p). Give b(3).
1
Let n be 3*(-6)/27*-3. Let q = 0 + n. Let i(h) = -h**3 - 4*h**2 + 2*h**2 + h**q + 3*h - h**2. What is i(-3)?
0
Let y(r) = r**2 + 2*r - 4. Let b be y(2). Let f(c) = c - 1. What is f(b)?
3
Let c(w) = -w - 5. Suppose -2*i + 0*n + 4 = n, 4*n = -i - 12. Suppose i = o - 2*o. Give c(o).
-1
Let j(s) = -s**3 - 6*s**2 - 3*s + 6. Suppose 4*z = -0*z - 16. Let a = z - 1. Determine j(a).
-4
Suppose -4*c = -5*c + 5. Let y(o) = -2 + c - 2*o**2 - 2. Give y(-2).
-7
Let s(t) = t**2 - 1 - 2*t + 1. Let f be s(3). Let i(v) = 3 + f*v + 0 - 1 + v**2. Give i(-4).
6
Let m(q) = -q**2 - 3*q + 2. Suppose c + 0 = 4. Suppose -c*r = -2*r. Suppose -2*t = -r + 4. Give m(t).
4
Let v(t) = 2*t + 1 - 5*t**2 + 3*t**2 + 6*t**2 + t**3 - t. Calculate v(-3).
7
Let r(s) = -7 - 3*s**2 + 3*s**2 + 2*s - 9*s - s**2. Calculate r(-7).
-7
Suppose -4*p = -16, p - 46 = -5*o - 3*p. Suppose 4*i + 5*g = 2*i - 1, -4 = 4*g. Suppose -3*a = -i*c - 16, 2*c + o + 6 = a. Let l(q) = 4*q - 2. What is l(a)?
6
Let g be (-8)/24 - 7/(-3). Let k(t) = -10*t**2 + 1 + 0 + 8*t**g. Determine k(-1).
-1
Let l(s) be the third derivative of s**6/120 + s**5/12 - s**4/8 - s**3 + 2*s**2 + 71*s. What is l(-5)?
9
Suppose 0*n + 10 = 5*n. Let b(x) = 4 - 2*x + 5 - n. Suppose 4*w = 9 + 11. What is b(w)?
-3
Let z(t) be the third derivative of -t**5/30 + t**3/6 - t**2. Let i(s) = -s**2. Let u = 2 - 1. Let l be i(u). Give z(l).
-1
Let j(c) be the first derivative of -4*c + 0*c**2 + 5 + 2*c**3 + 1/4*c**4. Let z = -3 + -3. Give j(z).
-4
Let m(c) = -3*c + 4. Let s be m(5). Let v = s - -9. Let i(d) = 3*d + 2. What is i(v)?
-4
Suppose -3*z = -5*z. Suppose 5*y + z = -5*i + 5, 0 = 3*i + 4*y - 5. Let f(d) = 2*d. What is f(i)?
-2
Let o(b) = b**3 + 7*b**2 - 8*b - 7. Let p = -64 + 56. Determine o(p).
-7
Suppose 2*r + 2*h = 14, -5*r = -2*r - 4*h. Let q(x) = -x + 9. Determine q(r).
5
Let y = -8 + 13. Suppose 0 = -3*v + v - z + 6, z = -y*v + 18. Let d(u) = v*u + 4 - 8 - 3*u. Determine d(3).
-1
Let v(r) be the first derivative of 0*r - 3/4*r**4 + 0*r**3 + 0*r**2 - 3. Calculate v(1).
-3
Let x(r) = -r**3 - r**2 + r - 6. Suppose -w - 2*y = -4*w, -4*w = -2*y. Let u be x(w). Let k(l) = l**3 + 7*l**2 + 5*l. Give k(u).
6
Let x(r) = -r**3 - 5*r**2 + 5*r - 7. Let o(f) = -f**3 + 9*f**2 - 6. Let z be o(9). Determine x(z).
-1
Let t(x) be the third derivative of -5*x**4/24 + 56*x**2. Suppose -3*z - 5*m + 12 = 0, 7*z + 4*m - 9 = 4*z. What is t(z)?
5
Suppose 0*a = 2*a - 2, 0 = -4*l - 5*a + 25. Let z(v) = -v**3 + 5*v**2 + 1. Give z(l).
1
Suppose 2*u - 6 = 8*u. Let y(p) = -7*p**3. Calculate y(u).
7
Let d(u) = u**3 + 2. Let q be d(0). Suppose q*h - 2 = 8. Let l(n) be the second derivative of -n**5/20 + 5*n**4/12 - 3*n**2 - 2*n. Calculate l(h).
-6
Let p(t) be the first derivative of t**6/120 + t**5/15 + t**4/8 + t**3/6 - 3*t**2/2 + 4. Let u(o) be the second derivative of p(o). Determine u(-3).
1
Let k be 8/6*3/(-1). Let o be 1 - (-3 - k/2). Let d(t) be the first derivative of t**4/4 - t**3/3 - t**2 - t - 1. Calculate d(o).
-1
Let w(v) be the second derivative of -v**3/3 - v**2/2 + 20*v. Calculate w(5).
-11
Let r(n) = n + 0*n**2 - n - n**2 + 2*n. Let d be ((-5)/15)/((-2)/12). Determine r(d).
0
Let u(o) = -7 + o**3 + 5 + o - 2*o. What is u(0)?
-2
Let t(a) = -13 - 11 + 4*a - 11 + 28. What is t(5)?
13
Suppose -4*z + 5*z = -3*f - 10, -5*z = -2*f - 1. Let s(n) = -3*n**2 + 2*n + 1. Calculate s(z).
-4
Let w(s) = -5*s + 3. Let a(u) be the first derivative of u**2/2 - 3*u + 3. Let t be -2 + 2 + (7 - 2). Let i be a(t). Calculate w(i).
-7
Let p(r) = -5*r + 8. Let i(w) = -w + 2. Let k(o) = 9*i(o) - 2*p(o). What is k(-6)?
-4
Let w(y) = -y**2 - 5*y + 5. Let h be w(-5). Let b(d) = 2*d**3 + 4*d**2 + 2*d + 5. Let l be b(-2). Let x(g) = -7 - l + 3*g - h*g + 3*g. Determine x(6).
-2
Let b(a) = -a**3 + 5*a**2 - 4*a - 1. Let g(r) = 3*r + 2. Let m be g(0). Suppose -l = -7*y + 4*y + 8, 0 = -m*y + 2*l. Calculate b(y).
-1
Let y(s) = -2*s**2 + 3*s - 3. Let p = 50 - 30. Suppose 7*x - 2*x - p = 0. Let g = 6 - x. Determine y(g).
-5
Suppose 4*k = -3*o - o + 28, -k = -3*o + 1. Let h(u) be the second derivative of -1/2*u**o - u + 1/2*u**4 - 1/3*u**3 + 0. Determine h(-1).
7
Let f(x) = -5*x**2 + x + 4. Let v(t) = 4*t**2 - 3. Let c(z) = -3*f(z) - 4*v(z). Suppose u = -2*q - 3, 3*u - q + 6*q = -9. What is c(u)?
0
Let g be 4/14 - (-488)/56. Let w(j) = j + j**2 + j**2 - g*j**2. What is w(1)?
-6
Let k(u) = u + 6. Let r = -20 + 26. Determine k(r).
12
Let b(k) be the second derivative of -k**3/6 + k**2 - 2*k. Calculate b(2).
0
Suppose -3*m = m + 12. Let p(n) = -3 + 3*n - 18*n**3 + 17*n**3 + 0*n**2 - 2*n**2. Let z be p(m). Let t(q) = -q**3 - 3*q**2 + 5*q + 4. What is t(z)?
-11
Let u(d) be the second derivative of d**5/20 - d**4/2 - d**3/6 - 3*d**2 - 2*d. What is u(6)?
-12
Let p(h) = h - 2. Let r be (-4)/(-14) - (-36)/21. Suppose -r*b = 2*b. Suppose b = -4*j + 7*j - 9. Give p(j).
1
Let s(i) = i - 8. Let d be s(13). Suppose -5*b + d*h - 35 = -8*b, 0 = -3*b - 4*h + 31. Let z(u) = -u**2 + 3*u + 3. Calculate z(b).
-7
Let d be 33/6 + ((-9)/6)/1. Let x(o) = -2*o + 2 + 4 - o. What is x(d)?
-6
Suppose -s = -5*y + 21 - 1, 16 = 5*s + 4*y. Let g(o) = -o + 1 + 1 - o**2 + s - 3. Suppose k - 5*t = -3, k - 9 = 4*k - t. Calculate g(k).
-7
Let w(d) = -d + 1. Let t(p) = -4*p + p**2 - 2*p**2 - 4 - 2*p. Let q be t(-3). What is w(q)?
-4
Suppose u + 16 = 2*m, -4*u - 49 = -4*m - m. Let k be u/4*40/12. Let j(n) = 2*n + n**3 + 2 + 4*n**2 - 2*n - 6*n. Give j(k).
7
Let k(o) = -o**2 - 6*o. Let u be k(-5). Let w(y) = -y + 4. Let c be w(u). Let n(m) = -9*m + 2. Let q(j) = j - 1. Let d(s) = -n(s) - 3*q(s). Calculate d(c).
-5
Let f(c) = 4*c - 5. Let i be f(3). Let v(w) = -5 + 3*w - i + 2 + 7. Determine v(2).
3
Let i(u) = -u**2 + 4*u + 1. Let q be (-891)/(-12) - 3/(-4). Suppose 7*n = 12*n - q. Suppose 6*h - n = h. Determine i(h).
4
Let b(y) = y**2 + 1. Suppose -8 - 6 = 7*q. What is b(q)?
5
Let a be -4*((-54)/(-48) + 2/(-16)). Let c(z) = 5*z - 3. Let i(p) = 9*p - 6. Let b(q) = 5*c(q) - 3*i(q). What is b(a)?
11
Let i(b) be the second derivative of b**3/6 + b**2/2 + 3*b. Let z(q) = -5*q - 14. Let w(j) = -6*i(j) - z(j). Suppose 0*a - 2*a = 0. Give w(a).
8
Suppose 2*n - 3*o - 5 = 4, 2*o + 6 = -5*n. Let h(r) be t